er when i is divided by 164?
47
Let n(c) = c**3 - 14*c**2 + 13. Let d be n(14). Suppose -21*z + 24 = -d*z. Suppose 4*l = z*l, 3*a + 5*l = 114. What is the remainder when 225 is divided by a?
35
Let j = -4259 - -4279. What is the remainder when 21 is divided by j?
1
Suppose 11*c - 221 - 615 = 0. Let l = c - 65. Suppose 5*x = -4*o + 58, -2*o + x + 25 = -l. Calculate the remainder when o is divided by 4.
1
Let z(f) = 4*f - 72*f**3 + 14*f**2 - 12*f + 22*f + 1. What is the remainder when z(-1) is divided by 29?
15
Suppose 0 = 13*r + 31*r - 7304. Calculate the remainder when 2322 is divided by r.
164
Suppose -10*q - 10 = -12*q. Suppose -136 = -7*j + q*j. Suppose -144 = -7*z + z. Calculate the remainder when j is divided by z.
20
Let l(f) = -f + 9. Let z be l(6). Suppose 8 = 2*v + 2*w, z*v = -2*v - w + 40. Let n = -54348 + 54371. What is the remainder when n is divided by v?
5
Let k(n) = 5*n**2 + 44*n + 161. Calculate the remainder when 107 is divided by k(-5).
41
Let x(o) = 37*o - 23. Let v be x(4). Let q = -45 + v. Suppose 6*p - q = -4*p. Calculate the remainder when 38 is divided by p.
6
Calculate the remainder when 762*((-300)/36)/(-25) is divided by 51.
50
Let h = -19725 - -20035. What is the remainder when h is divided by 36?
22
Suppose -2*q - 4*o = -o - 5019, -5*q + 2*o = -12519. Calculate the remainder when q is divided by 25.
5
Let y(s) = -12*s + 162. Let n be y(14). Calculate the remainder when 145 is divided by n/((-561)/(-114) + -5).
69
Suppose -2*c = -3*w + 6*w + 766, 0 = 3*c + 2*w + 1139. Let z = c - -401. Calculate the remainder when 111 is divided by z.
15
Suppose -15*x + 48*x = -5247. What is the remainder when 20 is divided by 53/x*(-18)/1?
2
Suppose -4*u + 3*u + 3*q + 160 = 0, 0 = 2*u - q - 350. Calculate the remainder when 916 is divided by u.
26
Calculate the remainder when 143 is divided by 66 - 5*(-56)/35.
69
Let x(j) = 2*j**2 + 23*j + 4. Suppose 3 - 11 = -8*f. Let m(n) = n**2 - n. Let h(r) = f*x(r) - 3*m(r). What is the remainder when 30 is divided by h(26)?
2
Suppose 1465 = -33*u + 6237 + 838. Calculate the remainder when u is divided by 74.
22
Let t(d) = -10*d - 205. Let m be t(-36). Let o = m - 69. Calculate the remainder when 334 is divided by o.
76
Suppose 53414 + 24758 = 36*w - 2540. Calculate the remainder when w is divided by 8.
2
Suppose 467*f - 477*f = -12760. Calculate the remainder when f is divided by 632.
12
Let g(h) = -1336*h + 74840. Calculate the remainder when (1/(-2))/(1/(-466)) is divided by g(56).
17
Let k = -105 + 293. Let v = -110 + k. Calculate the remainder when v is divided by 14.
8
Let k(z) = -3*z**2 + 36*z - 74*z + 15*z**3 + 11*z**3 + 42*z. What is the remainder when k(2) is divided by (1 - 4)*(-23)/3?
20
Suppose -5*k = 4*q - 35, 391 = q + 2*k + 383. Suppose 0 = -2*w + 3*a + 144, -w = w + 4*a - 172. Calculate the remainder when w is divided by q.
8
Suppose 5*s = 5*g - 171 - 149, 132 = 2*g - s. Calculate the remainder when 1427 is divided by g.
67
Let q be 196/2 - (-3)/3. Let d(u) = -105*u + 525. Let y be d(5). Suppose 9*i - q = -y*i. What is the remainder when 11 is divided by i?
0
Let l(b) = 126*b - 1569. Calculate the remainder when l(22) is divided by 169.
20
Let u be (1/(-1) + 15)*(-6)/(-7). Suppose -u*r - 16 + 124 = 0. Let n(w) = 5*w**2 + 25*w + 5. What is the remainder when n(-6) is divided by r?
8
Let f = 1238 - 1228. What is the remainder when 829 is divided by f?
9
Let k(m) = -50*m - 1319. Calculate the remainder when 107 is divided by k(-27).
14
Let z = -5934 - -5960. What is the remainder when 386 is divided by z?
22
Suppose -5*q - 3 = -23. Suppose -17*j + 20*j + 6*i = 75, -3*j = 3*i - 63. What is the remainder when j is divided by q?
1
Suppose -2263 - 3161 = -18*h + 2244. What is the remainder when h is divided by 29?
20
Suppose 29*n + 807 = -1165. Calculate the remainder when 3964/16 - 17/n is divided by 15.
8
Suppose 4*z + j + 11 = 0, 2*z - 1 = -2*j + 1. Suppose -2*l = -185 - 41. What is the remainder when l is divided by ((-38)/z + 5)*2?
26
Let a(n) = 36*n**2 - 17*n + 13. Let w be a(4). Let h = w + -499. What is the remainder when (1 + 14)/(1/13) is divided by h?
19
Suppose -4*n + 122 = 3*m - 17, 3*n = -24. Let k = 104 + -74. Calculate the remainder when m is divided by k.
27
Suppose 217*t - 86*t - 210 = 101*t. Let c(v) = -v**2 - 9*v - 1. Let l be -1 + 0 - (-15)/(-3). Calculate the remainder when c(l) is divided by t.
3
Let a(k) = k**3 + 23*k**2 + 39*k - 29. What is the remainder when 194 is divided by a(-21)?
24
Suppose 5*k - 6*k - 3*d + 49 = 0, -2*k = -4*d - 88. Suppose 3206 = k*c - 2544. Calculate the remainder when c is divided by 50.
25
Let s be 5/(-20)*6*(-8)/(-6). Calculate the remainder when 214 is divided by -5 + (-1 - s) + 40.
34
Let v = -99 + 277. Calculate the remainder when v is divided by 89.
0
Let u(c) = c**2 - 60*c + 179. Let l be (-8)/(-3)*9/6. Suppose 2*o + 4*d - 23 = o, -l*o + 37 = 5*d. What is the remainder when u(3) is divided by o?
2
Suppose 100*s - 95*s = u + 333, -4*u = -3*s + 210. Calculate the remainder when 2315 is divided by s.
5
Suppose 5*x - 1 = t, 3*x + 0 = 3. Suppose t*q - 308 = 4*j + 628, -q - 4*j + 214 = 0. Calculate the remainder when q is divided by 58.
56
Let k = -263045 + 263083. Suppose -3*w - 207 = -6*w. Calculate the remainder when w is divided by k.
31
Let h(x) = -7*x - 10. Calculate the remainder when (29 - 0)/(-4*2 + (-1350)/(-162)) is divided by h(-4).
15
Suppose -3*j + 2*k = 14, -2*j - 15 = -3*k + 1. What is the remainder when 111 is divided by (-2 + (-84)/(-30))*(j - -32)?
15
Let o(d) = -34*d + 322. What is the remainder when o(5) is divided by 143?
9
Suppose -18484 = 5*w - 117829. Suppose j + w = 38*j. Calculate the remainder when j is divided by 36.
33
Let l = 20566 + -20435. Calculate the remainder when 449 is divided by l.
56
Let m(v) = -2*v**3 - 5*v**2 - 5*v - 2. Let j be m(-2). Suppose j*w - 43 = -11. What is the remainder when 22 is divided by w?
6
Calculate the remainder when 190 is divided by (-4)/(24/(-291)) - 65/(-130).
43
Suppose -117*i + 63304 = 199*i + 12*i. What is the remainder when i is divided by 130?
63
Suppose -3*y + z + 553 = 0, -7*y - 2*z = -8*y + 191. What is the remainder when 405 is divided by y?
39
Let a(w) = 13*w**2 + 1287*w + 15. What is the remainder when 4/6 + 124/3 is divided by a(-99)?
12
Suppose -5*t + 6*t + 2*g = 0, -5*t = -2*g - 60. Let w(d) = 5*d**3 - 2*d**2 - 1 - 3*d - d**3 + 6*d. Calculate the remainder when w(2) is divided by t.
9
Let k be (-6)/9*(0 + 753/(-2)). Let t = -238 + k. Calculate the remainder when 25 is divided by t.
12
Suppose -28*q + 33*q - 560 = 0. Suppose 5*i - q = 23*t - 21*t, 5*t = -5*i + 105. Calculate the remainder when 114 is divided by i.
4
Let t(k) = k**2 + 3*k - 5. Let d be t(2). Suppose 6*m - 2*g - 165 = m, -3*m = d*g - 130. What is the remainder when (m + (-3)/3)/((-3)/(-6)) is divided by 36?
32
Suppose 47*y - 48*y = -8. Let r(c) = -32*c + 294. Calculate the remainder when 73 is divided by r(y).
35
Suppose -51 = -5*i + 4*l, -43 = -4*i - l + 2*l. Let y = i - -68. What is the remainder when y is divided by 10?
9
Suppose -16*w + 55518 = -16*w + 19*w. What is the remainder when w is divided by 75?
72
Suppose 0 = -r - 0*g + 5*g + 16, -4*r = g - 22. Suppose -3*i = -0*i - r. Suppose -m = -i, -6*h - m + 272 = -h. What is the remainder when h is divided by 11?
10
Suppose -4*s + 1836 = 444. Suppose -5*i = 2*y, -1127*y = -1126*y - 4*i - 65. What is the remainder when s is divided by y?
23
Suppose -17*i = 2*i - 114. Suppose -i*u = -167 + 35. Calculate the remainder when 61 is divided by u.
17
Suppose q = 2*g + 177, -2*g - 5 = -g. Let c = 2249 + -2215. Calculate the remainder when q is divided by c.
31
Let b = -4090 - -4195. Calculate the remainder when 278 is divided by b.
68
Let j(i) = -17*i**2 - 1599*i - 86. What is the remainder when 239 is divided by j(-94)?
7
Suppose 0*t + 15 = t. Suppose 37*l = t*l + 132. What is the remainder when 17 is divided by l?
5
What is the remainder when 1 + -1 - -1*(5 - -18) is divided by (5 - 1) + (-13 + 11)/(-2)?
3
Let u be 2/1 - 5/(-10)*3962. Calculate the remainder when (-15)/35 + 2/(42/u) is divided by 12.
10
Suppose 0 = 5*f - 329 - 66. Let l = 144 + -98. Suppose 3*d - 35 = l. What is the remainder when f is divided by d?
25
Let t(q) = 4*q - 47.